
Is 3343217 a composite number?
False
Is 79221 prime?
False
Is 12517 prime?
True
Is 66337 composite?
False
Is 178001 a composite number?
False
Is 108935 prime?
False
Is 5953 a prime number?
True
Is 2317 composite?
True
Is 77299 composite?
True
Is 39363 a prime number?
False
Is 327757 composite?
False
Is 6499 composite?
True
Is 105047 prime?
False
Is 11351 a composite number?
False
Is 119 a composite number?
True
Is 61067 a prime number?
False
Is 129793 a prime number?
True
Is 13045 a prime number?
False
Is 687917 a composite number?
False
Is 142151 a prime number?
True
Is 3893 prime?
False
Is 306809 a composite number?
False
Is 7603 a prime number?
True
Is 40739 a prime number?
True
Is 189413 prime?
False
Is 148643 composite?
True
Is 4035451 a composite number?
True
Is 3899699 composite?
False
Is 42061 prime?
True
Is 571717 composite?
False
Is 251351 composite?
True
Is 121003 a composite number?
True
Is 2316103 a composite number?
True
Is 563253 a prime number?
False
Is 38699 a prime number?
True
Is 11863 a composite number?
False
Is 2983863 a prime number?
False
Is 3720199 composite?
True
Is 631607 prime?
False
Is 100445 composite?
True
Is 56333 prime?
True
Is 111921 prime?
False
Is 2459 a composite number?
False
Is 91493 a composite number?
False
Is 246551 a composite number?
True
Is 531257 composite?
True
Is 46211 a composite number?
True
Is 69743 prime?
False
Is 559653 prime?
False
Is 5623 composite?
False
Is 651641 a composite number?
False
Is 257371 a composite number?
False
Is 200293 a composite number?
False
Is 1069379 a prime number?
True
Is 85103 a prime number?
True
Is 74411 a prime number?
True
Is 1181 prime?
True
Is 43655 composite?
True
Is 133795 prime?
False
Is 21941 a prime number?
False
Is 285449 prime?
False
Is 1865 prime?
False
Is 98338 a prime number?
False
Is 333647 composite?
False
Is 3206297 a prime number?
True
Is 12527 composite?
False
Is 24713 a composite number?
True
Is 89123 prime?
True
Is 34739 composite?
False
Is 13645 a composite number?
True
Is 239 a composite number?
False
Is 24443 prime?
True
Is 10929 prime?
False
Is 48661 prime?
True
Is 203453 composite?
True
Is 1847 a composite number?
False
Is 606049 a prime number?
True
Is 122773 composite?
True
Is 9587 a prime number?
True
Is 1077161 composite?
False
Is 7417 prime?
True
Is 678673 a composite number?
True
Is 18829 a prime number?
False
Is 620665 composite?
True
Is 9239 a composite number?
False
Is 94889 composite?
False
Is 711641 a prime number?
False
Is 81527 composite?
False
Is 169331 a prime number?
False
Is 633 composite?
True
Is 13451 composite?
False
Is 695 composite?
True
Is 26193 a composite number?
True
Is 19027 prime?
False
Is 470165 composite?
True
Is 10007 a prime number?
True
Is 10603 prime?
False
Is 369487 a composite number?
False
Is 1516183 a composite number?
True
Is 48629 a composite number?
True
Is 111889 a composite number?
True
Is 55073 a prime number?
True
Is 23087 prime?
True
Is 40897 a prime number?
True
Is 8501 a composite number?
False
Is 771 prime?
False
Is 210439 composite?
True
Is 33377 prime?
True
Is 266167 prime?
False
Is 31945 composite?
True
Is 8609 prime?
True
Is 88429 a composite number?
True
Is 219543 prime?
False
Is 15511 composite?
False
Is 1114 composite?
True
Is 21289 a prime number?
False
Is 98659 a composite number?
True
Is 1369997 composite?
True
Is 506803 a composite number?
True
Is 82819 a prime number?
False
Is 5971 a prime number?
False
Is 5779 a prime number?
True
Is 22226 a composite number?
True
Is 8147 a composite number?
False
Is 3802 prime?
False
Is 113347 prime?
False
Is 11677 a composite number?
False
Is 2605 a prime number?
False
Is 21377 a prime number?
True
Is 27593 composite?
True
Is 281063 a composite number?
False
Is 1361 composite?
False
Is 1753 a composite number?
False
Is 5485 a composite number?
True
Is 1337 a prime number?
False
Is 483097 composite?
False
Is 123231 a composite number?
True
Is 26987 prime?
True
Is 3862 a prime number?
False
Is 8939 a prime number?
False
Is 165309 a composite number?
True
Is 67031 composite?
True
Is 466661 a composite number?
True
Is 18079 a composite number?
True
Is 14621 prime?
True
Is 89113 a composite number?
False
Is 163759 a prime number?
False
Is 617597 a prime number?
False
Is 40954 a composite number?
True
Is 297151 a composite number?
False
Is 16411 composite?
False
Is 70723 a prime number?
False
Is 6333 composite?
True
Is 8509 a composite number?
True
Is 42049 a prime number?
False
Is 79687 a composite number?
False
Is 8663 composite?
False
Is 40739 a prime number?
True
Is 70271 composite?
False
Is 421907 a prime number?
True
Is 23797 a prime number?
False
Is 9637 composite?
True
Is 14171 prime?
False
Is 1453673 a prime number?
False
Is 177029 a prime number?
False
Is 482765 prime?
False
Is 17047 composite?
False
Is 4393 prime?
False
Is 10589 a composite number?
False
Is 655 a composite number?
True
Is 291779 a prime number?
True
Is 1871585 a prime number?
False
Is 48809 a prime number?
True
Is 275469 a composite number?
True
Is 826691 composite?
True
Is 15479 a composite number?
True
Is 78053 prime?
False
Is 86753 composite?
False
Is 38249 composite?
True
Is 21577 prime?
True
Is 10041 prime?
False
Is 10133 a prime number?
True
Is 950777 prime?
False
Is 2179 prime?
True
Is 96863 composite?
True
Is 241771 composite?
False
Is 72951 a prime number?
False
Is 80381 a composite number?
True
Is 280633 a prime number?
False
Is 1930715 a composite number?
True
Is 10639 prime?
True
Is 1591287 prime?
False
Is 1067 prime?
False
Is 36017 a composite number?
False
Is 39709 composite?
False
Is 353527 a composite number?
False
Is 907 a composite number?
False
Is 661321 prime?
True
Is 86915 prime?
False
Is 375437 a composite number?
True
Is 2437 composite?
False
Is 467429 a prime number?
False
Is 15791 composite?
False
Is 119281 composite?
True
Is 106687 prime?
False
Is 100561 a composite number?
True
Is 3041 prime?
True
Is 9691 prime?
False
Is 77929 prime?
True
Is 328733 a composite number?
True
Is 700417 a prime number?
False
Is 1278065 composite?
True
Is 271211 composite?
False
Is 325055 a composite number?
True
Is 1858 a prime number?
False
Is 43609 composite?
False
Is 120845 composite?
True
Is 140323 a composite number?
True
Is 72139 composite?
False
Is 1647161 composite?
False
Is 1859927 prime?
True
Is 13891 a prime number?
False
Is 11717 a composite number?
False
Is 24347 a prime number?
False
Is 126823 a composite number?
False
Is 3803 composite?
False
Is 517771 composite?
True
Is 4969 a composite number?
False
Is 231411 composite?
True
Is 44342 prime?
False
Is 4309 prime?
False
Is 6385 composite?
True
Is 256199 a prime number?
True
Is 85889 a composite number?
False
Is 307 composite?
False
Is 22793 composite?
True
Is 296579 prime?
True
Is 8263 prime?
True
Is 3737 a composite number?
True
Is 8749 composite?
True
Is 473611 a composite number?
False
Is 744113 prime?
True
Is 3603 a prime number?
False
Is 69691 a prime number?
True
Is 7817 a composite number?
False
Is 81071 a prime number?
True
Is 9103 a prime number?
True
Is 4369 a prime number?
False
Is 6599 composite?
False
Is 183871 a composite number?
False
Is 25835 a composite number?
True
Is 175957 a prime number?
False
Is 6947 prime?
True
Is 84199 prime?
True
Is 3194 a composite number?
True
Is 241463 a composite number?
False
Is 199855 prime?
False
Is 28058 composite?
True
Is 113537 a composite number?
False
Is 8681 a prime number?
True
Is 12011 composite?
False
Is 79437 prime?
False
Is 71161 a prime number?
True
Is 136103 a prime number?
False
Is 89753 a prime number?
True
Is 31363 a composite number?
True
Is 200027 composite?
True
Is 82997 prime?
True
Is 9851 prime?
True
Is 28319 a prime number?
True
Is 68017 a composite number?
True
Is 37847 prime?
True
Is 70439 prime?
True
Is 1445163 a composite number?
True
Is 861343 a prime number?
False
Is 571279 a prime number?
True
Is 76333 a prime number?
True
Is 22367 composite?
False
Is 77023 prime?
True
Is 721977 prime?
False
Is 1017902 composite?
True
Is 66889 composite?
False
Is 14621 a prime number?
True
Is 11057 prime?
True
Is 3739 composite?
False
Is 6773509 a prime number?
True
Is 73093 composite?
True
Is 50361 prime?
False
Is 323837 prime?
True
